?
True
Let g(d) be the second derivative of d**3/6 - 13*d**2/2 + 2*d. Let j be g(6). Let c(v) = v**3 + 10*v**2 + 4*v - 6. Is c(j) a prime number?
True
Let q be (-3)/(-4) - (-316)/(-16). Suppose s = -2*s - 90. Let r = q - s. Is r a composite number?
False
Let u = 6 - 4. Let d = u + 0. Suppose -d*p + 48 = 2*n - p, -2*p + 73 = 3*n. Is n composite?
False
Let o = -27 + 12. Is 5/(o/(-438)) - 1 a composite number?
True
Let r(h) = -h + 1. Let x be r(2). Is x + 5/(10/52) prime?
False
Suppose 3*s + 562 = f - s, 3*f = s + 1653. Let o = f - 327. Let i = o - 132. Is i a composite number?
True
Suppose 4*h + 3*i = 11, h + 3*h = i + 7. Suppose w + 2 = h*n - 2, 5*n = 20. Let o(z) = 5*z - 1. Is o(w) prime?
True
Suppose 4*h - 2 = -22. Let y(r) be the third derivative of -2*r**4/3 - r**3 + 18*r**2. Is y(h) a composite number?
True
Suppose 5*d = 5*t + 12550, -2 = 2*t + 8. Let i be (-2)/(2499/d - 1). Suppose 9 = 4*x - 7*x, 4*b + 3*x = i. Is b a composite number?
False
Is ((-6904)/12)/(2/(-3)) prime?
True
Let u = 3 + 2. Suppose -2*z + 0*z = -2*l - 180, -u = 5*l. Let y = -54 + z. Is y composite?
True
Let w(k) = k**3 + 9*k**2 + 11*k + 5. Let g be w(-7). Let i(b) = -b**2 + 2*b. Let y be i(2). Suppose -x + 0*x + g = y. Is x a prime number?
False
Let j = -22 + 37. Let x = 218 - j. Let d = -114 + x. Is d a prime number?
True
Let i(v) = 17*v**2 + 5*v - 27. Is i(8) a prime number?
False
Suppose -2*q = -m + 2, 5*q = -m + 2 + 7. Is -2*q/((-6)/57) a composite number?
False
Let l(n) = -3*n**3 - n**2 - 3. Let c(r) = r**3 - r**2 + 1. Let u(y) = 2*c(y) + l(y). Is u(-4) a prime number?
False
Let x(z) = -z**3 + 6*z**2 - 3*z - 5. Let m be x(5). Suppose m*v - 20 = 145. Is v prime?
False
Suppose -764 = -2*x - 2*x. Is x prime?
True
Let t = -18 + 7. Let f = t - -28. Suppose 5*i + f = 307. Is i prime?
False
Suppose 1 = -3*r - 2, 2*r + 190 = 4*v. Is v a prime number?
True
Let g(w) = w - w + 2*w - 8 - 1. Let l be g(6). Suppose -3*z - 16 = -l*n + 41, -3*n = 2*z - 57. Is n a composite number?
False
Let o be (2 - 4) + 1 + 6. Suppose -2*p = -j + 5, -3*j + 4*p = o*p - 36. Is j composite?
False
Suppose 0 = 4*p + 2*c + 58, -p - c + 3 = -4*c. Is 254/3*p/(-8) a composite number?
False
Let b(s) = 20*s - 3. Is b(2) a prime number?
True
Suppose -2*x + 0*x - r + 11 = 0, -3*x = 5*r - 34. Let v = x - 6. Is v*2*44/(-8) a composite number?
True
Is ((-178)/4)/((-2)/44) prime?
False
Let x(y) = -66*y - 21. Is x(-2) composite?
True
Suppose -3*c = -c - 6, -2*c = -3*l + 6. Is 77/4 + (-1)/l composite?
False
Let n be (-48)/(-27) - 2/(-9). Suppose n*z = -5*i + 4*i - 138, z - 734 = 5*i. Let y = 215 + i. Is y a prime number?
False
Let m(f) = -56*f - 1. Is m(-1) prime?
False
Suppose -48 = -x + 5*a, 3*a - 8 = x - 50. Is x prime?
False
Let a = 0 + 39. Let u be (-47)/(-3) + 1/3. Let o = a - u. Is o prime?
True
Let r(y) = -y**2 + 12*y + 1. Let d be r(9). Is 1044/d - 4/14 prime?
True
Let t be 3/((-12)/(-8)) + 4. Suppose 10*b - t*b = 132. Is b a prime number?
False
Let m be (3/6)/(2/8). Suppose -2*o = 2*f + 2*o - 844, 3*f = m*o + 1266. Let k = -231 + f. Is k prime?
True
Let r(i) = 3*i**3. Let g be r(1). Let j(v) = 5*v**2 + v - 2. Let d be j(g). Suppose -d - 32 = -2*m. Is m a composite number?
True
Suppose 0 = 4*l - 5*z - 8, -l + 2*z + 5 = -0*z. Let x = -4 - l. Is 1 + 96*(-1)/x prime?
True
Let r = 0 + 3. Suppose -r*x - 223 = -b - b, 600 = 5*b + x. Suppose 2*l - b = l. Is l composite?
True
Suppose 11 = -g + 2*g. Is g a prime number?
True
Let i = -24 - -79. Is i a prime number?
False
Let m(t) = 66*t**3 + 2*t - 1. Let d(j) = -12*j**2 + j - 1. Let w be d(1). Let p be ((-4)/w)/(2/6). Is m(p) prime?
True
Suppose 202 = -3*t + 4*t. Is t a prime number?
False
Let j(b) = 2*b**2 + 25*b - 21. Let g(p) = -p**2 - 12*p + 10. Let n(w) = 7*g(w) + 3*j(w). Is n(-9) a prime number?
True
Let u be -1 - (-10)/(0 + 2). Suppose u*h - 3*c + 69 = -h, 0 = h - 3*c + 21. Is (67/(-4))/(3/h) a composite number?
False
Let k(s) = s**2 + s + 1. Is k(5) prime?
True
Let v be (724/(-6))/((-2)/6). Suppose 2*w - 158 = -4*x, -4*w - 5*x = 46 - v. Is w composite?
False
Let x(l) = l + 5. Let h be x(-2). Suppose -r + 73 = 2*c, h*c + r - 114 = 4*r. Is c prime?
True
Let v be ((-30)/1)/((-26)/(-91)). Is 26674/30 - (-14)/v composite?
True
Let h(x) = 10*x**2 - 14*x + 11. Is h(12) a prime number?
True
Suppose -57*u - 3638 = -59*u. Is u a prime number?
False
Suppose -2*d - 3*a + 2683 = -2*a, 4026 = 3*d + 2*a. Suppose -d = -2*c - 2*c. Is c a composite number?
True
Let c(x) = -10*x + 6*x**2 + x**3 + 10*x + 1. Let p be c(-5). Suppose 6*r = 4*r + p. Is r prime?
True
Let q(k) = k**2 + 8*k + 8. Let u be q(-7). Let x be 0*((2 - u) + -2). Suppose x*d - 12 = 4*d, -2*d + 82 = 4*g. Is g a composite number?
True
Let q be 40/7 - 4/(-14). Suppose 2*r = q*r. Suppose 4*w = -r*w + 84. Is w prime?
False
Suppose -8 = 3*j + 1, 5*l + 4*j - 1573 = 0. Is l a composite number?
False
Suppose 4 = 3*d + 1. Let j(g) = 3*g**3 - 4*g**2 + 0*g**3 + g - 2*g**3 - d + 4. Is j(5) prime?
False
Let f = 11 + -5. Suppose -5*s = -f*s + 695. Is s prime?
False
Suppose -951 = -4*o + 509. Is o a composite number?
True
Let d(f) = 13*f**2 + 4*f - 5. Is d(2) a composite number?
True
Let r(j) = -j**2 - 4*j + 1. Let s be r(-3). Suppose -4*m + f = -236, -190 = -m - 2*m + s*f. Is m a composite number?
True
Let p(x) = -2*x - 7. Let k be p(-6). Let h = 16 - k. Is h a composite number?
False
Suppose -g + 2 = k, 2*g - k = -2*g + 18. Let s = 0 - -2. Is (-49)/(1 - g/s) prime?
False
Is (-58)/((-2)/3 - 16/(-42)) a prime number?
False
Suppose 6*k - 2*k + 4*n = 12, 3*k + 5*n - 9 = 0. Let a(y) = 0*y**2 - 3*y + 1 + k*y**2 + 0*y**2. Is a(3) prime?
True
Suppose -2*g = -25 - 11. Suppose -3 = -d + g. Suppose 0 = 4*v - v - d. Is v a composite number?
False
Suppose 2*w + 7532 = -2*w. Let l = w - -3480. Is l a prime number?
True
Suppose 0 = w - 4*y + 7, 4*w + y = -11. Let v = w + 7. Suppose -k = c - 42, -k = -v*c - 4*k + 163. Is c composite?
False
Let l(o) = -o**2 - 9*o - 14. Let j be l(11). Let z = 113 - j. Is z a prime number?
True
Let n(x) = -x + 565. Is n(0) prime?
False
Let r = -8 - -73. Is r composite?
True
Let o be ((-4)/(-6))/((-4)/(-438)). Let y = 130 - o. Is y a composite number?
True
Suppose -6*i = 2*i - 3752. Is i composite?
True
Let z be 1 - (3 + -3 - 1). Let b(x) = x**3 + 2*x**2 + x. Let l(c) = -3*c**3 - 7*c**2 - 3*c. Let y(j) = 7*b(j) + 2*l(j). Is y(z) prime?
False
Let t(i) = 2*i**2 + 8*i - 2. Is t(-6) a prime number?
False
Suppose 10*c - 1628 = 6*c. Is c a prime number?
False
Suppose 33 = -2*w - 5*j, -16 = 5*j + 9. Suppose 6 + 14 = 4*i. Is 38/w*(i + -7) prime?
True
Let h(t) be the second derivative of 20*t**4/3 + t**3/2 - 3*t**2/2 - 3*t. Is h(2) a composite number?
True
Suppose 2*q - 69 = 137. Let v = 482 - q. Is v a prime number?
True
Let m(s) = 15*s**2 + 6*s + 10. Is m(-3) a prime number?
True
Suppose -2*z + 1012 = -4*g, 3*z - 459 = -4*g + 1069. Suppose 4*o + 0*o - z = 0. Is o prime?
True
Is 3354/8 + 2/(-8) a composite number?
False
Let i = 460 - 249. Is i prime?
True
Suppose 0 = -3*k - 3*h + 3789, 0*k + 5*h = 2*k - 2519. Is k prime?
False
Suppose 3*p = -4*d + 160, -5*d - 3*p = -114 - 83. Is d a composite number?
False
Suppose -5 - 11 = -h + 3*y, 108 = 3*h + 3*y. Suppose -49 = -k - m, 3*k - 135 = -2*m + 8. Let d = k - h. Is d prime?
False
Suppose -7*b - 363 = -5*s - 5*b, -s + 55 = 4*b. Is s prime?
True
Let p be 4/(4 + -6)*-2. Is (p - -1) + -3 + 527 a prime number?
False
Suppose -3*m - 4*d + 115 = 0, -d - 59 = 5*m - 228. Is m prime?
False
Suppose -2*f + 2*a - 22 = 0, a - 8 = f + 3*a. Is f/(-65) + (-1998)/(-26) composite?
True
Let o = -7 + 8. Let u(j) = 291*j**3 - j**2 + 1. Let v be u(o). Let k = v + -196. Is k prime?
False
Let o(g) = -g**2 - 6*g - 1. Let y be o(-5). Suppose 3*r - 1928 = l - 0*l, -2584 = -4*r + y*l. Is r prime?
True
Let r(x) = 8*x**2 - 4*x - 5. Let j(p) = -9*p**2 + 3*p + 4. Let h(w) = 6*j(w) + 7*r(w). Suppose 2 = 2*k - 14. Is h(k) composite?
False
Is ((-1)/(-1))/((-5)/(-605)) composite?
True
Let c = 0 - -6. Let q(l) = c*l**2 - 4*l + 3 - 1 - l - l**3. Is q(5) composite?
False
Let n = 6 + -10. Let t = n - -8. Suppose 3*o - y = 21, -o + 8 = -t*y - 10. Is o a composite number?
True
Let w = 3204 + -2011. Is w prime?
True
Suppose 2*q - 3*q = 832. Let f = -191 - q. Is f composite?
False
Let a = -18 + 39. Is a a prim